).
41
Let x(d) = 5*d**2 + d - 4. Give x(-3).
38
Let k(n) = -n**2 - 7*n - 14. Give k(-5).
-4
Let n(z) = -z**3 - 5*z**2 - 5*z + 1. Calculate n(-4).
5
Let c(z) = -z**2 - 16*z - 9. Give c(-15).
6
Let n(g) = -g**3 - 5*g**2 - 4*g - 6. Determine n(-5).
14
Let w(t) = 5*t**2 - 31*t + 12. What is w(6)?
6
Let k(w) = -6*w**2 - w + 3. Give k(-2).
-19
Let s(w) = -2*w**2 - 4*w - 6. What is s(-3)?
-12
Let h(y) = -62*y + 253. Determine h(4).
5
Let f(w) = w**3 - 6*w**2 - 9*w + 7. Calculate f(7).
-7
Let w(m) = 24*m + 191. Calculate w(-9).
-25
Let o(h) = -h**3 - 9*h**2 - 16*h + 7. What is o(-4)?
-9
Let t(b) = -b**3 + 8*b**2 + 107*b + 8. Calculate t(-7).
-6
Let c(a) = -a**2 - 2*a - 1. Calculate c(5).
-36
Let c(g) = -g**2 - 28*g - 164. Calculate c(-18).
16
Let h(m) = m**2 + 53*m + 287. What is h(-6)?
5
Let d(y) = -12*y**3 + 2*y**2 - 1. Calculate d(1).
-11
Let y(u) = u**2 - 2*u - 2. What is y(4)?
6
Let v(o) = -o**2 - o - 7. Determine v(0).
-7
Let o(l) = -2*l + 8. What is o(-3)?
14
Let j(x) = -x - 8. Give j(11).
-19
Let y(g) = -g - 43. Calculate y(-44).
1
Let t(x) = -2*x**3 - 19*x**2 - 27*x - 28. What is t(-8)?
-4
Let h(t) = -t**3 + 12*t**2 - 7*t. Give h(11).
44
Let u(q) = -q**2 + 7*q - 8. Calculate u(5).
2
Let x(f) = f - 2. Calculate x(-2).
-4
Let i(b) = 4*b - 121. Calculate i(29).
-5
Let w(n) = 2*n**2 + 3*n - 4. Calculate w(-6).
50
Let k(h) = -h**2 + 16*h - 16. Calculate k(16).
-16
Let y(o) = 21*o**3 + 1. Give y(1).
22
Let m(w) = 2*w**2 - 42*w + 47. Calculate m(20).
7
Let l(i) = -i**3 + 17*i**2 + 2*i - 20. Give l(17).
14
Let a(z) = z**3 - 28*z**2 + 26*z + 25. Give a(27).
-2
Let o(z) = z**2 + z - 10. Give o(-4).
2
Let x(t) = -t**3 + 48*t**2 + 50*t - 55. Give x(49).
-6
Let c(d) = -d**2 + 13*d + 18. What is c(13)?
18
Let c(j) = 6*j + 45. Calculate c(7).
87
Let d(q) = 11*q - 69. Calculate d(10).
41
Let u(v) = -v**3 - 5*v**2 - 3*v - 4. What is u(-5)?
11
Let b(i) = -8*i**2 - 11*i + 2. Determine b(-3).
-37
Let j(u) = 12*u - 161. What is j(15)?
19
Let d(u) = -109*u - 556. Give d(-5).
-11
Let n(d) = -16*d - 1. What is n(1)?
-17
Let l(w) = 3*w**3 - 21*w**2 - 4*w + 23. What is l(7)?
-5
Let n(r) = 9*r - 11. Give n(-8).
-83
Let j(k) = 6*k**2 + 211*k + 23. Determine j(-35).
-12
Let j(i) = i**2 + 5*i + 6. What is j(-5)?
6
Let i(j) = 3*j - 1. Determine i(6).
17
Let o(h) = 5*h + 15. What is o(-1)?
10
Let s(t) = 2*t + 28. Determine s(-14).
0
Let v(h) = -h**2 - h - 4. What is v(-2)?
-6
Let h(g) = g**3 + 4*g**2 - 4*g + 5. Calculate h(-5).
0
Let c(x) = -3*x**2 - 3. Calculate c(3).
-30
Let i(r) = 62*r**2 + r. Determine i(1).
63
Let x(l) = l**2 - 9*l + 6. Give x(4).
-14
Let c(f) = f**3 + 4*f**2 + 4*f + 9. What is c(-3)?
6
Let k(b) = -6*b**2 + b - 1. Give k(-3).
-58
Let p(t) = -7*t**2 - 11*t + 16. Give p(2).
-34
Let g(n) = -21*n + 394. Give g(19).
-5
Let n(j) = -2*j**2 + 5*j + 61. Give n(6).
19
Let t(x) = -x**3 + 35*x**2 + 71*x + 112. What is t(37)?
1
Let p(r) = -8*r + 54. Calculate p(7).
-2
Let m(n) = -n**3 - 8*n**2 + 31*n + 11. Determine m(-11).
33
Let r(k) = -4*k + 3. What is r(-3)?
15
Let b(s) = -8*s - 21. What is b(-5)?
19
Let h(g) = g**2 - 5*g + 5. Calculate h(6).
11
Let w(i) = -i**3 + 2*i**2 + i - 3. Give w(2).
-1
Let d(u) = -u**3 - 16*u**2 + 14*u - 47. Determine d(-17).
4
Let k(c) = 4*c - 32. What is k(-6)?
-56
Let a(l) = -l**3 + 5*l**2 + 3. Give a(5).
3
Let u(v) = -v**2 - 2*v + 9. Determine u(2).
1
Let m(d) = -d**3 - 2*d**2 + 4*d - 3. Give m(2).
-11
Let g(v) = v**2 - 8*v - 23. Calculate g(-2).
-3
Let p(i) = i**3 - 4*i**2 + 4*i - 4. Calculate p(3).
-1
Let d(j) = -3*j + 10. What is d(3)?
1
Let q(h) = 7*h - 46. Calculate q(7).
3
Let x(i) = i**3 + 8*i**2 + 7*i + 33. Calculate x(-7).
33
Let f(c) = c**3 + 7*c**2 - 22*c - 38. Determine f(-9).
-2
Let t(v) = 2*v**3 + 10*v**2 + 3*v + 6. What is t(-3)?
33
Let y(z) = -z**3 - 8*z**2 + 10*z + 6. What is y(-9)?
-3
Let l(c) = -c**2 - 6*c + 7. Give l(-6).
7
Let s(j) = 9*j - 1. Give s(-7).
-64
Let v(r) = r**3 + 20*r**2 - 2*r - 46. Determine v(-20).
-6
Let a(c) = 2*c**2 - 1. Determine a(0).
-1
Let o(u) = -u - 7. Determine o(-3).
-4
Let y(z) = -z**2 - 11*z + 88. Calculate y(-17).
-14
Let j(w) = 4*w - 25. Give j(12).
23
Let g(z) = 29*z**2 + 1. Calculate g(1).
30
Let p(x) = -x**2 - 8*x + 7. Determine p(-11).
-26
Let h(z) = z - 78. What is h(0)?
-78
Let a(u) = 26*u + 62. Determine a(-3).
-16
Let s(p) = -p**3 - 15*p**2 - 55*p + 7. Give s(-6).
13
Let u(i) = i**2 + 6*i + 5. Determine u(-6).
5
Let t(v) = 21*v**2 + 2*v - 2. Calculate t(1).
21
Let n(f) = -f**3 + 11*f**2 - 10*f - 9. What is n(10)?
-9
Let v(i) = -2*i + 76. Determine v(0).
76
Let g(d) = -2*d + 23. Give g(17).
-11
Let p(g) = -4*g**2 + 11*g + 8. Give p(6).
-70
Let u(v) = 2*v**2 + 1. What is u(1)?
3
Let x(u) = u**2 + 9*u. Calculate x(-11).
22
Let d(b) = -9*b**3 - 2*b**2 + 1. Determine d(1).
-10
Let u(f) = -f**2 - 13*f - 2. Determine u(-14).
-16
Let w(l) = 4*l + 16. Give w(-4).
0
Let d(i) = i**2 - 5. Determine d(2).
-1
Let l(w) = -6*w - 31. Give l(-5).
-1
Let b(t) = -4*t - 62. Calculate b(13).
-114
Let k(y) = 28*y + 249. Give k(-9).
-3
Let d(h) = h**2 - 6*h + 2. What is d(6)?
2
Let u(m) = -m**3 - 15*m**2 + 4*m + 29. Give u(-15).
-31
Let b(p) = -6*p + 27. Calculate b(5).
-3
Let b(c) = 7*c - 11. Give b(2).
3
Let q(y) = 2*y**3 + 26*y**2 + 23*y - 2. Determine q(-12).
10
Let q(l) = l - 2. What is q(1)?
-1
Let c(s) = -s**2 - 13*s - 13. Determine c(-11).
9
Let x(l) = -l**2 - 2*l + 16. What is x(-5)?
1
Let i(z) = -8*z - 76. Determine i(-11).
12
Let d(g) = g**2 + 2*g + 11. Give d(-7).
46
Let g(i) = -2*i - 4. Determine g(-2).
0
Let r(j) = 2*j**2 + 3*j + 4. Determine r(-5).
39
Let q(x) = -2*x + 56. Determine q(-5).
66
Let p(v) = -2*v + 3. What is p(4)?
-5
Let a(n) = -98*n - 286. Determine a(-3).
8
Let h(a) = 4*a + 5. Determine h(-2).
-3
Let f(b) = -b**2 + 7*b + 11. Determine f(9).
-7
Let n(s) = -10*s + 38. Determine n(4).
-2
Let g(x) = x**3 + 4*x**2 - 2*x + 5. What is g(-5)?
-10
Let a(z) = 9*z - 27. Give a(3).
0
Let z(k) = -k**3 - 16*k**2 + 16*k + 20. Give z(-17).
37
Let b(p) = p**3 + 5*p**2 - 8*p. Calculate b(-6).
12
Let t(s) = 3*s**2 - 38*s + 18. What is t(12)?
-6
Let n(d) = -14*d + 14. Determine n(3).
-28
Let q(u) = -10*u + 122. Give q(12).
2
Let k(o) = 13*o**3 + o**2 - 2*o. Determine k(1).
12
Let o(b) = b + 21. Calculate o(-14).
7
Let v(l) = -2*l**2 + 21*l - 13. Determine v(10).
-3
Let m(p) = -2*p - 41. Give m(-9).
-23
Let m(t) = -27*t**2 + 5*t - 3. What is m(1)?
-25
Let t(h) = 2*h + 5. What is t(-14)?
-23
Let v(s) = 2*s**3 + 10*s**2 - 2*s - 14. Calculate v(-5).
-4
Let n(i) = -i**3 - 11*i**2 - 6*i - 76. What is n(-11)?
-10
Let m(j) = -j**3 + j**2 + 2*j + 114. Determine m(0).
114
Let b(q) = q**3 + q**2 + 2*q - 7. What is b(-4)?
-63
Let k(d) = -d**2 + 12*d - 15. Determine k(2).
5
Let v(t) = 5*t**2 + 119*t - 19. What is v(-24)?
5
Let d(w) = -5*w - 2. Give d(5).
-27
Let u(i) = -i**3 + i**2 - 1. Calculate u(3).
-19
Let j(d) = d**2 + d - 100. Give j(9).
-10
Let w(u) = -u**3 + u**2 + 22*u - 13. Determine w(4).
27
Let y(a) = -25*a + 331. Give y(13).
6
Let u(k) = k - 31. Determine u(24).
-7
Let b(n) = -74*n**3 + n**2 + n - 1. Determine b(1).
-73
Let j(z) = z + 2. What is j(7)?
9
Let s(u) = -27*u**3 - 2*u**2 - 2*u. Calculate s(-1).
27
Let j(l) = l**3 - 6*l**2 - 2*l + 8. Give j(7).
43
Let n(u) = -8*u - 4. Determine n(-5).
36
Let p(u) = 2*u**3 - 2*u**2 - 11*u + 7. Give p(4).
59
Let l(u) = -16*u - 12. Calculate l(-7).
100
Let q(i) = 2*i**2 - i. Give q(4).
28
Let q(l) = -l**2 - 10*l - 9. Give q(-8).
7
Let p(t) = t**3 + t**2 + 24*t - 101. Determine p(3).
7
Let a(z) = -3*z**3 + 2*z - 2. What is a(-2)?
18
Let i(t) = t**2 + 14*t - 5. Give i(-14).
-5
Let z(o) = -o**2 - 11*o + 5. Calculate z(-13).
-21
Let l(s) = -3*s - 62. What is l(-18)?
-8
Let v(d) = d**2 - d - 21. Give v(0).
-21
Let b(w) = 2*w**2 - 17*w - 29. Calculate b(9).
-20
Let d(f) = 2*f**3 - 3*f**2 + 7*f - 5. What is d(3)?
43
Let c(s) = -s + 6. What is c(-2)?
8
Let m(o) = 9*o + 42. Calculate m(-5).
-3
Let x(c) = c - 13. Give x(13).
0
Let f(z) = -z**3 - 9*z**2 - 21*z - 27. Determine f(-7).
22
Let i(g) = g + 40. What is i(0)?
40
Let c(d) = -2*d**3 + 58*d**2 + 2*d - 61. Give c(29).
-3
Let f(a) = -25*a - 265. Determine f(-11).
10
Let g(w) = -11*w - 4. Determine g(2).
-26
Let f(a) = a**2 + 24*a + 53. Give f(-22).
9
Let k(p) = p**3 + 15*p**2 - 58*p - 72. What is k(-